- -44?
314
In base 11, what is -1621 + 2?
-161a
In base 2, what is -11 - 1010011?
-1010110
In base 8, what is -5 - 1122?
-1127
In base 10, what is -91 - -4?
-87
In base 7, what is 11 + 245?
256
In base 7, what is 10506 + -1?
10505
In base 3, what is 112 - 1021?
-202
In base 10, what is 14 + -459?
-445
In base 8, what is -124 + -7?
-133
In base 14, what is 5 + -373?
-36c
In base 3, what is 1 + -11012?
-11011
In base 6, what is -23 + 15?
-4
In base 4, what is 33120 - 1?
33113
In base 10, what is -4 + 533?
529
In base 13, what is -73 + 2c?
-44
In base 10, what is 1796 + -12?
1784
In base 16, what is 1d4 - -3?
1d7
In base 7, what is 1 + 3145?
3146
In base 14, what is ba71 + -3?
ba6c
In base 8, what is 1 - -2464?
2465
In base 15, what is -3 - 65?
-68
In base 11, what is -68 + 7?
-61
In base 3, what is 11222210 - 2?
11222201
In base 8, what is 6125 - 0?
6125
In base 3, what is -112 - 10?
-122
In base 14, what is -3 + 10c?
109
In base 10, what is -71 - 3?
-74
In base 4, what is 3 - 100002?
-33333
In base 16, what is 1 + f?
10
In base 6, what is -5 + -3241?
-3250
In base 6, what is 3 + -1053?
-1050
In base 9, what is 3 - 3502?
-3488
In base 4, what is -2 + 32?
30
In base 14, what is -5 - -c?
7
In base 4, what is 11 + 12112?
12123
In base 7, what is 3 + 455?
461
In base 4, what is -102302 + -22?
-102330
In base 3, what is -111 + -1?
-112
In base 4, what is -2 - 3030?
-3032
In base 15, what is 9 - 11c3?
-11b9
In base 2, what is 11100010100 + -101?
11100001111
In base 8, what is -2 - 440?
-442
In base 16, what is -42 - -8?
-3a
In base 3, what is 12 - 10120?
-10101
In base 8, what is -4 + 512?
506
In base 2, what is 100011 + -10001?
10010
In base 12, what is 5 - -84?
89
In base 6, what is -10 + 232?
222
In base 2, what is 11010 + -1?
11001
In base 9, what is 2525 + -1?
2524
In base 7, what is -3 + -241?
-244
In base 4, what is -11 + 31131?
31120
In base 4, what is 1031 + 200?
1231
In base 15, what is 14 - -17a?
18e
In base 6, what is -53 + -24?
-121
In base 12, what is -1 + 38?
37
In base 10, what is -1 + 560?
559
In base 16, what is 42 + -40?
2
In base 10, what is 966 + -4?
962
In base 9, what is -2 + -121?
-123
In base 10, what is -1 - 846?
-847
In base 14, what is 2 - 22b1?
-22ad
In base 8, what is -5 - -56?
51
In base 8, what is 2 - -304?
306
In base 16, what is 1 + 1ab?
1ac
In base 3, what is 12 - 100?
-11
In base 9, what is 3377 + -5?
3372
In base 10, what is 5 - -353?
358
In base 16, what is -61 + 4?
-5d
In base 4, what is 1 + -1300221?
-1300220
In base 6, what is -5 - 23?
-32
In base 4, what is -10 - 22?
-32
In base 14, what is 3 + 11?
14
In base 15, what is -3a - -3?
-37
In base 14, what is 2 + 2a?
2c
In base 12, what is -1 + -272?
-273
In base 12, what is 2 - -1b?
21
In base 5, what is 12 + -1012?
-1000
In base 3, what is 1 - -211?
212
In base 10, what is -36657 - 1?
-36658
In base 12, what is 490 - -19?
4a9
In base 8, what is -415 + 11?
-404
In base 2, what is -10110010000 + 1?
-10110001111
In base 14, what is -4 - -51?
4b
In base 12, what is -296 + 3?
-293
In base 8, what is -121 - -30?
-71
In base 10, what is -2 + -97?
-99
In base 11, what is -2 + -82?
-84
In base 11, what is 7 + 271?
278
In base 8, what is 35 - 13?
22
In base 2, what is -10 + 111111?
111101
In base 8, what is 312 - 5?
305
In base 4, what is 200 + -11?
123
In base 7, what is 1 + -242?
-241
In base 15, what is 7e + -2?
7c
In base 9, what is -6403 + -4?
-6407
In base 3, what is -101 + 1?
-100
In base 13, what is -73 + 94?
21
In base 7, what is -3 + -1155?
-1161
In base 12, what is 48b - 14?
477
In base 6, what is -224 + 2?
-222
In base 11, what is 5a + 2?
61
In base 10, what is -13 + -1342?
-1355
In base 16, what is -37 - -9d?
66
In base 8, what is 0 + 37?
37
In base 5, what is 0 + -302?
-302
In base 8, what is -7 - -266?
257
In base 4, what is -22 - 21310?
-21332
In base 16, what is -ce + -97?
-165
In base 12, what is -4 + -3b7?
-3bb
In base 14, what is -52 + 4?
-4c
In base 11, what is 2 + 200?
202
In base 4, what is -211 - -12?
-133
In base 16, what is -6cd - -4?
-6c9
In base 6, what is -5 + -2530?
-2535
In base 6, what is -2 + -11014?
-11020
In base 3, what is 212 + -1?
211
In base 7, what is -55 + 22?
-33
In base 8, what is 42 - -100?
142
In base 3, what is 102 - -200?
1002
In base 4, what is 10 - -100?
110
In base 10, what is 1589 + 5?
1594
In base 2, what is 101 - 1111000?
-1110011
In base 6, what is -2 - 53?
-55
In base 3, what is -2210 + -1202?
-11112
In base 12, what is 22 - -2?
24
In base 5, what is 111 + -2?
104
In base 15, what is -4 - 4?
-8
In base 13, what is -2 - 240?
-242
In base 9, what is -5 + -24?
-30
In base 9, what is 536 + -1?
535
In base 12, what is -872 + -3?
-875
In base 4, what is -10 - 130?
-200
In base 2, what is -10011100 - -101?
-10010111
In base 4, what is -11 - -121300?
121223
In base 13, what is 450 - 2?
44b
In base 5, what is 30 + -11322?
-11242
In base 5, what is -1014 + 3?
-1011
In base 13, what is -26 + -17?
-40
In base 6, what is -2211 - -4?
-2203
In base 3, what is 10102 - 2022?
1010
In base 4, what is 3 + 2000101?
2000110
In base 9, what is -4 - -1014?
1010
In base 4, what is 10 - -32321?
32331
In base 14, what is 31 + -2?
2d
In base 14, what is -1 + 16b?
16a
In base 7, what is -31 - 5?
-36
In base 8, what is -1 - 2256?
-2257
In base 9, what is -600 - -20?
-570
In base 3, what is -1220 - 210?
-2200
In base 13, what is 8 - 241?
-236
In base 4, what is 12 - -101?
113
In base 15, what is 1c5d - 3?
1c5a
In base 11, what is -8 + -162?
-16a
In base 10, what is 4 - 2?
2
In base 11, what is 13 + -43?
-30
In base 3, what is -12 + -1220?
-2002
In base 6, what is -202 + -142?
-344
In base 15, what is d - 19b?
-18d
In base 2, what is 10 - 11001000011?
-11001000001
In base 11, what is -4 + -31?
-35
In base 12, what is 99 + -12?
87
In base 5, what is -10311 - 3?
-10314
In base 10, what is -4 - -841?
837
In base 11, what is 117 - -175?
291
In base 14, what is 9 - 2c2?
-2b7
In base 9, what is -13 - -2016?
2003
In base 13, what is 215 - -2?
217
In base 7, what is 2136 - 2?
2134
In base 10, what is -2 - 66?
-68
In base 5, what is -11 - 1140?
-1201
In base 8, what is 13 + 30?
43
In base 2, what is -110 + -100?
-1010
In base 10, what is 3 + -1743?
-1740
In base 13, what is -20c + a?
-202
In base 14, what is -2 + 144?
142
In base 7, what is 0 + -414?
-414
In base 10, what is -34 - 4?
-38
In base 15, what is 2 + 14a?
14c
In base 16, what is 0 + -76?
-76
In base 16, what is -30 + 3?
-2d
In base 11, what is -1a762 + 1?
-1a761
In base 3, what is 1210220 - -2?
1210222
In base 4, what is 10111 + -120?
3331
In base 12, what is 11 - -17?
28
In base 8, what is -7 + 510?
501
In base 8, what is 16 - -341?
357
In base 2, what is -10 + -101001001111?
-101001010001
In base 16, what is -2 + 157?
155
In base 2, what is -10001101100001 - -11?
-10001101011110
In base 10, what is -3 + 71?
68
In base 9, what is 1 - 308?
-307
In base 5, what is 0 - -14203?
14203
In base 11, what is -14 + 1?
-13
In base 10, what is 5802 - -4?
5806
In base 3, what is 1120202212 - 10?
1120202202
In base 8, what is -544 - -23?
-521
In base 12, what is 2280 - 4?
2278
In base 4, what is 0 + 12323?
12323
In base 16, what is -6 - 217?
-21d
In base 2, what is -110 - 10010001?
-10010111
In base 7, what is -3 - -246?
243
In base 14, what is b5 - 2?
b3
In base 8, what is 4 - 116?
-112
In base 5, what is -10 + 142?
132
In base 11, what is -928 - -1?
-927
In base 6, what is -2 + 2?
0
In base 6, what is -3231 + 0?
-3231
In base 11, what is 3 + 17?
1a
In base 6, what is 1 - -423?
424
In base 10, what is -5 - 12?
-17
In base 15, what is 1db0 + -3?
1dac
In base 3, what is 12 - -1121102?
1121121
In base 10, what is 4 + 123?
127
In base 16, what is -2 + 3c?
3a
In base 7, what is 113 - 26?
54
In base 13, what is -b8a - 5?
-b92
In base 3, what is -22110002 + -1?
-22110010
In base 11, what is 1 - -89a?
8a0
In base 4, what is -1 + -312?
-313
In base 4, what is -1 - 232?
-233
In base 16, what is -1a - -5?
-15
In base 2, what is -110111 + 1001010?
10011
In base 6, what is -21 - -15?
-2
In base 15, what is c - -b?
18
In base 10, what is -282 - 1?
-283
In base 8, what is 2 + -116?
-114
In base 8, what is -14052 - 0?
-14052
In base 15, what is d + -2?
b
In base 11, what is 8924 + 2?
8926
In base 4, what is 3 - -103?
112